 and 465152798?
242
Calculate the greatest common divisor of 1046010 and 16422.
714
What is the greatest common divisor of 2278800 and 513?
27
What is the greatest common divisor of 13 and 14109277?
13
Calculate the greatest common factor of 53 and 27797599.
53
What is the greatest common divisor of 563232 and 336?
48
Calculate the greatest common factor of 645 and 3941115.
15
Calculate the greatest common divisor of 7965 and 24651.
27
What is the greatest common divisor of 41686 and 1274714?
2194
What is the highest common divisor of 43505 and 1111355?
3955
Calculate the highest common divisor of 59738364 and 651.
651
Calculate the highest common factor of 536 and 35427188.
268
Calculate the greatest common divisor of 27726525 and 105.
15
What is the highest common divisor of 1834097639 and 11?
11
Calculate the highest common factor of 4151996 and 26725.
1069
What is the greatest common divisor of 70 and 7303226?
14
What is the highest common factor of 325629 and 457161?
291
What is the highest common divisor of 22816715 and 80?
5
What is the greatest common factor of 756 and 543648?
84
What is the greatest common factor of 1412281 and 988?
13
What is the highest common factor of 4033250 and 50?
50
What is the greatest common divisor of 17234 and 49371?
7
What is the greatest common divisor of 2849891 and 33?
11
Calculate the greatest common factor of 113813 and 10841089.
1603
Calculate the highest common divisor of 22 and 655671698.
22
What is the greatest common factor of 999130 and 8690?
110
What is the greatest common divisor of 3862 and 107423461?
1931
What is the highest common factor of 264 and 74513076?
132
Calculate the greatest common divisor of 28 and 387200786.
14
Calculate the highest common divisor of 2824866 and 44.
22
What is the greatest common factor of 747072 and 1206?
18
Calculate the greatest common divisor of 37277576 and 556.
556
What is the highest common factor of 248542 and 750218?
574
What is the highest common divisor of 2580 and 7219098?
258
Calculate the highest common divisor of 4070 and 23506285.
2035
Calculate the highest common factor of 148032 and 20448.
288
Calculate the highest common factor of 100245 and 5220120.
615
What is the greatest common factor of 2991140 and 133248?
1388
What is the highest common factor of 101 and 30020331?
101
What is the greatest common divisor of 327365414 and 316?
158
What is the highest common factor of 29664 and 22842?
18
Calculate the greatest common factor of 324648 and 422343.
1503
What is the greatest common divisor of 154095300 and 12?
12
Calculate the highest common factor of 2508980 and 8780.
20
What is the highest common divisor of 20579216 and 4802?
98
What is the greatest common divisor of 2656 and 642420?
332
What is the greatest common divisor of 3 and 465145989?
3
What is the greatest common divisor of 57343705 and 62315?
515
Calculate the greatest common factor of 50388 and 77290252.
988
Calculate the greatest common factor of 1072617 and 192738.
273
Calculate the highest common divisor of 4836650 and 18550.
350
Calculate the highest common divisor of 78403 and 48451.
13
Calculate the greatest common divisor of 9947924 and 17731.
119
Calculate the highest common divisor of 34458165 and 99.
9
Calculate the greatest common divisor of 22828 and 39390.
26
Calculate the highest common divisor of 288125 and 537065.
2305
Calculate the greatest common factor of 54280602 and 36.
18
Calculate the highest common divisor of 10615 and 4254685.
965
What is the highest common factor of 196880459 and 6122?
3061
Calculate the greatest common divisor of 144965 and 585.
5
Calculate the greatest common factor of 48 and 101000688.
48
What is the highest common divisor of 47565 and 99519?
21
Calculate the highest common factor of 116 and 30088196.
116
Calculate the greatest common divisor of 27715 and 6811865.
1205
Calculate the highest common divisor of 33 and 5000061.
33
Calculate the highest common factor of 28 and 3122938.
14
Calculate the highest common divisor of 4695365 and 62015.
395
Calculate the highest common factor of 2704743 and 4257.
387
What is the greatest common factor of 44 and 423093880?
44
What is the greatest common divisor of 47670832 and 112?
16
Calculate the highest common factor of 8241159 and 20699.
2957
Calculate the highest common factor of 423358 and 182.
26
What is the highest common factor of 124 and 82380640?
124
What is the highest common factor of 11088000 and 41328?
1008
What is the highest common divisor of 71381793 and 119?
119
Calculate the highest common factor of 20084500 and 300.
100
Calculate the greatest common divisor of 30200 and 1772136.
1208
Calculate the greatest common factor of 834543 and 122310.
81
What is the highest common factor of 62976 and 1433442?
246
What is the highest common factor of 15678 and 4654?
26
Calculate the greatest common divisor of 11366508 and 2484.
276
Calculate the greatest common factor of 146 and 74455474.
146
Calculate the highest common divisor of 548442 and 774.
18
What is the highest common divisor of 130 and 4945610?
10
Calculate the highest common divisor of 8 and 18692.
4
What is the greatest common factor of 5359040 and 2720?
160
What is the greatest common divisor of 2421 and 69597?
9
What is the highest common divisor of 942 and 102004941?
471
What is the greatest common divisor of 98 and 339550778?
14
Calculate the highest common divisor of 348 and 4219239.
87
What is the highest common factor of 79797484 and 962?
26
Calculate the greatest common divisor of 212 and 112499708.
212
What is the greatest common factor of 109011 and 664419?
609
What is the greatest common divisor of 15315 and 202530?
15
What is the greatest common divisor of 106 and 563995366?
106
What is the highest common factor of 672275 and 2825?
25
What is the highest common factor of 7570602 and 1872?
234
What is the greatest common divisor of 50824107 and 247?
19
What is the greatest common factor of 44576527 and 740?
37
Calculate the highest common factor of 7994 and 22555642.
1142
What is the highest common divisor of 6627 and 7353573?
141
What is the greatest common factor of 386 and 322027834?
386
Calculate the highest common divisor of 52947 and 600399.
999
Calculate the highest common factor of 14 and 11542671.
7
What is the greatest common factor of 171 and 82579567?
19
What is the greatest common factor of 64 and 4978404?
4
Calculate the highest common factor of 9815 and 956293.
13
What is the greatest common divisor of 160 and 171685?
5
What is the highest common divisor of 2388 and 42314166?
1194
What is the greatest common divisor of 30 and 398261310?
30
What is the greatest common factor of 69000657 and 348?
87
What is the greatest common divisor of 26895 and 241175?
55
Calculate the greatest common divisor of 24610570 and 2715.
905
What is the highest common divisor of 1595 and 22057255?
1595
What is the highest common divisor of 1580 and 95432?
316
What is the highest common factor of 137 and 439072259?
137
What is the greatest common factor of 3120 and 104369655?
195
Calculate the highest common factor of 31520 and 6320.
80
Calculate the greatest common factor of 2533 and 321393.
149
Calculate the highest common divisor of 114958 and 75.
1
What is the highest common factor of 305 and 94595?
5
Calculate the greatest common factor of 1419466 and 13778.
166
Calculate the greatest common factor of 69347290 and 29343.
9781
What is the greatest common factor of 312616371 and 113829?
5991
Calculate the highest common divisor of 13302432 and 103246.
5434
Calculate the greatest common factor of 2785 and 169492315.
2785
What is the highest common divisor of 15158289 and 9?
3
Calculate the highest common factor of 40504838 and 2222.
2222
What is the highest common divisor of 4088407 and 402?
67
Calculate the highest common factor of 4 and 3651547.
1
Calculate the highest common divisor of 13048945 and 34.
17
What is the greatest common factor of 33583513 and 9571?
563
What is the highest common factor of 56 and 3927364?
28
What is the highest common divisor of 29841186 and 13710?
2742
What is the greatest common factor of 89896 and 19040?
136
What is the highest common factor of 915 and 625057240?
305
What is the grea